se 2*r - r + 7 = m, r - p*m = -19. Let z(b) = 8*b. What is z(r)?
-32
Let q(l) = 17*l - 13. Let n be (45/2)/(-15)*((-168)/(-18))/(-7). Calculate q(n).
21
Let r(y) = -5*y + 8 - 2*y - 10. Let n be r(0). Let q(f) = -64*f - 10. Let t(l) = -21*l - 3. Let j(u) = n*q(u) + 7*t(u). Determine j(-1).
18
Let z = -3335 + 3317. Let v(h) = -3*h - 44. What is v(z)?
10
Let w(b) = b**2 - 7*b - 3. Let l = -575 + 673. Let g = 232 + -128. Let h = g - l. Calculate w(h).
-9
Let u(h) = 4 - 25*h + 55*h - 29*h - 2*h**2. Let c = -128 + 125. What is u(c)?
-17
Let y(g) = 114*g + 154*g - 279 - 257*g. Determine y(26).
7
Let z(o) be the third derivative of -1/60*o**5 + 0*o - 1/12*o**4 + 0 - 209*o**2 - 1/6*o**3. Give z(-3).
-4
Let z(c) = -c**2 + 4*c + 10. Let m(p) be the first derivative of -3*p**2/2 - 14*p + 158. Let r be m(-7). What is z(r)?
-11
Let n be (8/(-10))/(3*(-7)/105). Let s(g) = 2*g - 16 - n*g + 5 + 13. Give s(0).
2
Let z(t) = -18*t**2 - 79*t - 37. Let g(i) = 12*i**2 + 49*i + 24. Let f(a) = 8*g(a) + 5*z(a). Determine f(2).
25
Let g(k) = k**2 - 59*k - 39. Let x(w) = -3*w**2 + 200*w + 115. Let v(o) = -10*g(o) - 3*x(o). What is v(-14)?
-11
Let h(z) be the second derivative of -17*z**2 - 1/20*z**5 - 1/12*z**4 + 0 + 0*z**3 - 116*z. What is h(0)?
-34
Let i(b) be the first derivative of b**5/120 - 5*b**4/24 - 173*b**3/3 - 128. Let s(m) be the third derivative of i(m). Calculate s(4).
-1
Let j(i) = 2*i**2 + 12*i - 4. Let x(o) = -o**2 + 13 - 8*o - 27*o + o**2 - 5*o**2. Let c(a) = 8*j(a) + 3*x(a). Let d be 4/(5*4*4/160). Give c(d).
-1
Let x(p) = -6*p - 4. Let r(u) = -u**2 + 6*u + 27. Let c be r(-3). Suppose c = 221*m - 215*m - 24. Give x(m).
-28
Let o = 3695 - 3694. Let k(a) = 17*a. Calculate k(o).
17
Let g(d) = 4*d - 18. Let m be g(5). Let l(h) = h - 2*h - 3290 + 3284 - m*h. Determine l(6).
-24
Let o(h) be the first derivative of 13*h**3/3 - h**2 + h + 4602. Suppose -c - 9 = 2*c. Let m = c - -4. Calculate o(m).
12
Let k(v) be the first derivative of -5*v**2/2 - v + 6. Let r = 8 + -8. Suppose -5*l + 18 = -m - 3*m, m + 4*l - 6 = r. Determine k(m).
9
Let y(a) = 1. Let b(o) = 3*o + 7. Let m be (-35)/(12 - 5) + (-3 - -6). Let w(k) = m*y(k) - b(k). What is w(-8)?
15
Let d(z) = 20*z**2 + 98*z + 72. Let m(j) = -17*j**2 - 91*j - 73. Let i(r) = 5*d(r) + 6*m(r). Give i(-27).
-24
Let q(p) = -3*p + 40. Suppose -21 = -3*w + 2*d, w + 3*d = 72 - 65. Calculate q(w).
19
Let p(x) = 5*x**2 + 11*x - 18*x + 5 + 2*x - 3*x**2 + 2*x**2. What is p(2)?
11
Let q = 2098 + -2095. Let j(t) = -9*t + 2. Calculate j(q).
-25
Let x(l) = -l**2 - 5*l + 6. Let u(y) = 2*y + 17. Let k be u(-11). Let q be x(k). Let i be 20/6*q/(-4). Let z(w) = w**2 + 5*w + 3. Give z(i).
3
Let n(m) = -113 + 27 - 26*m + 21 + 3*m**2 - m**2 + 38. Give n(-1).
1
Let t(b) = b**3 + 8*b**2 + 8*b + 9. Let c(w) = 20*w - 195. Let n be c(8). Let s be 2/(1 + 25/n)*-1. Determine t(s).
2
Let p(r) be the second derivative of r**4/6 + 8*r**3/3 - 61*r**2/2 + 2*r - 16. Let u be p(3). Let g(s) = s**2 - 7*s + 16. Calculate g(u).
6
Let c(a) = -4*a - a**2 + 8*a - 21*a**3 - 5*a + 5*a**2 - 2 + 20*a**3. Calculate c(2).
4
Let m(s) = -s**2 + 45412 - 22751 - 27*s - 22740. Determine m(-25).
-29
Suppose 5*w + 93 = 398. Let p = -56 + w. Let n(t) = t - 9. Determine n(p).
-4
Let a(f) = 12950 - 12949 + 4*f - 4*f + 2*f**3 - f + 27*f**3. Determine a(1).
29
Let x(q) be the second derivative of -q**3/6 + 2*q**2 + 976*q + 1. Let a be (-10)/(-4) - 2/((-4)/3). Give x(a).
0
Let i(f) = 31*f + 26. Suppose -118*u + 148 - 421 = -27*u. Determine i(u).
-67
Suppose -5*t = -10, 3*k - 20 = 2*t - 6*t. Suppose 7*m = k*u - 71, 4*u = 2*m - u + 28. Let z(y) = -5 + 7*y + 2*y - y + y**2. Give z(m).
4
Let p(o) be the first derivative of -3*o**4/4 + 11*o**3/3 - o**2/2 - 2*o - 8696. Calculate p(3).
13
Let j be 4*-24*33/(-352). Let h(y) = 2*y**3 - 12*y**2 - 57*y + 25. Calculate h(j).
-2
Let w(u) be the second derivative of u**5/20 - 4*u**4/3 - 11*u**2/2 + 2*u - 34. Give w(16).
-11
Suppose 4*c + 108 = -5*k + 2*c, k - c = -16. Let z be -2 + (-5)/k*0. Let o be 6*(-1 + z)/(-3). Let m(g) = g**3 - 6*g**2 - g - 7. Calculate m(o).
-13
Let j(y) = -3*y**2 - 5 + 2 - y**3 - 3 - 5*y**2 + 8*y. Let n be j(-9). Suppose 9 = u - 5*r, 36 = -3*u - 5*r + n. Let a(x) = x**3 + 6*x**2 + 3*x + 9. Give a(u).
-9
Let o be 0*(0 + 9 - (22 + 832/(-65))). Let h(s) be the third derivative of -s**6/120 + s**3/2 - s**2. Calculate h(o).
3
Let z(t) = -2*t + 8. Let d be (-8)/(2*-1) + (-13 - -14). Let u(h) = 10 + 0 - h + 2 - 1. Let o be u(d). What is z(o)?
-4
Let q(c) = c**3 + 27*c**2 - 41*c - 43. Let b(g) = 2*g**2 + 2*g + 1. Let y(s) = 3*b(s) + q(s). Calculate y(-34).
-6
Let b(u) = 3*u + 21. Let s(n) = -n**3 - 34*n**2 - 99*n - 181. Let d be s(-31). Give b(d).
36
Let v(b) = 0 + 7*b**2 - 32*b - 1 + 70*b - 35*b. Let h(l) = l**2 + l - 1. Let j(a) = 6*h(a) - v(a). Determine j(4).
-9
Let u(k) = -15 + 11*k + 4 + k**2 - 6*k + 13. Calculate u(-3).
-4
Let p(z) = z**3 - 10*z**2 - 5*z - 35. Let u be (-12)/(-1) + ((-12)/144*-12)/(-1). Determine p(u).
31
Suppose -6 = -3*d, 0 = 4*t - 3*d - d - 8. Suppose -5*q = -6*q. Let l be q*1*-2*t/16. Let g(j) = j**3 - j**2 + j - 6. What is g(l)?
-6
Let i be (-2)/33 + (-11876)/66. Let j = i - -176. Let o(x) = 5*x + 1. What is o(j)?
-19
Suppose 0 = 5*d + 5*w + 15, 2*w + 55 = -5*d + 5*w. Let f(v) = -v**2 - 4*v + 43. What is f(d)?
11
Let i(x) be the second derivative of x**5/10 + 5*x**4/6 + 3*x**3/2 - x**2 + 538*x. What is i(-4)?
-6
Let q be (3/2)/(14/28). Suppose -q = -20*j + 17*j. Let a(x) = -6*x + 3*x + x + x - j. Calculate a(6).
-7
Let l(h) = 135*h - 9. Let o(w) = -26*w - 1. Let z(g) = l(g) + 5*o(g). Give z(-7).
-49
Let o = 4574 - 4570. Suppose 2*k = -5*r + 55, -5*k + 0*r + 106 = 2*r. Suppose -o*x - 5*g = -k, 5*x + g + 4*g - 20 = 0. Let y(n) = n**2 + n - 7. What is y(x)?
-7
Let f(m) = 7 - m**2 + 10*m - 4*m - 3*m - m. Let y(t) be the second derivative of -t**3/3 - 9*t**2/2 - 4*t. Let v be y(-7). What is f(v)?
-8
Let p(o) = -6*o - 1. Let a = -17162 - -17169. Calculate p(a).
-43
Suppose -2*a - 3*t = 25, a - 2*a + 3*t = 17. Let l = a - -15. Let r(d) = l - d**2 + 2 - d - 3 - 5*d**3. What is r(-1)?
5
Let c(w) be the third derivative of w**6/120 + w**5/20 - w**4/6 - w**3 + 34*w**2 + 2. What is c(-3)?
6
Let n(c) = -3*c**2 + 46*c + 30. Let q be (-18)/(-1 - 0) + -11 + 36/4. Calculate n(q).
-2
Let t(c) be the second derivative of -7*c**3/6 + c**2/2 + 55*c - 1. Let r = -134 - -136. What is t(r)?
-13
Let r(x) = x + 45. Suppose -3*u = 5*w + 86, 2*u = 18*w - 23*w - 89. What is r(w)?
26
Suppose 5*p = 15, p = 2*u - 0 + 11. Let z = -141 + 166. Let m(y) = -z*y**2 + 2*y**3 - 2*y**3 + y**3 + 29*y**2. Determine m(u).
0
Let p(i) be the third derivative of 72*i**2 - 2 + 0*i + 0*i**4 + 1/60*i**5 - 5/6*i**3. Suppose 0*g - 3*g = 0. Determine p(g).
-5
Let l(a) be the first derivative of -a**2/2 + 2*a + 5. Let r(k) = -k + 11. Let h(c) = -3*l(c) + r(c). Give h(-7).
-9
Let r(l) = 13*l + 327. Let k = 3253 - 3278. Determine r(k).
2
Let s(t) = -2674*t + 4 + 2*t**2 - 2682*t - 2689*t + 8059*t + 1. Calculate s(-6).
-7
Let w(f) = 9*f. Let g be (-28)/(-7) - (-40)/(-4). Let o be g/(-14) - 8/(-14). Give w(o).
9
Suppose 0 = -3*w - 0*w + 18. Let l(j) be the third derivative of j**5/60 - j**4/2 - j**3 + 48*j**2 - 14*j. Calculate l(w).
-42
Let f(j) = j**3 - 14*j**2 + 11*j + 42. Let o be f(13). Let z(n) = 7*n - o*n + 16 - 2*n**2 + 7*n - 23 + 9. Determine z(-4).
-22
Suppose 59*m + 218 = -15*m + 70. Suppose -2*a = -4*a. Let u(n) = 6*n + a*n - 4*n - 2. Determine u(m).
-6
Let f(o) be the third derivative of o**4/8 + 8*o**3/3 + o**2 - 17*o + 5. Calculate f(-3).
7
Let u(f) = -f**2 + 13*f + 32. Let x be (-102)/(-7) + 6/14 - 2. Let b be u(x). Let s be b/20 - (-3 + 18/5). Let p(n) = -7*n. What is p(s)?
-7
Let m(l) = -l + 123 + 3*l - l - 96. Let d = -245 - -245. Calculate m(d).
27
Let b = 1953 + -1961. Let i(o) = -o**2 - 8*o + 15. What is i(b)?
15
Let g(q) = 13*q - 20 + q - 8*q - 4*q. Let z(y) = -y**3 + 3*y**2 + 6*y - 1. Let h be z(4). Let x(a) = a - 10. Let f(r) = h*x(r) - 4*g(r). Determine f(0).
10
Suppose 1767*c - 16 = 1763*c. Let f(r) = -r**2 + 3*r + 5. Give f(c).
1
Let b be 18/((-37)/22 - (-116)/638). Let l(q) = -6*q - 84. Determine l(b).
-12
Let m = -23 + 28. Let c(h) = -5 - h + 4*h + 11. Let n(z) = -4*z - 7. Let b(p) = m*c(p) + 4*n(p). Determine b(3).